ousands digit of k?
5
Suppose 0 = -4*a - c - 70, -3*a - 2*a + c - 92 = 0. Let f(q) = -q**2 - 47*q - 22. What is the hundreds digit of f(a)?
5
Let z(q) = -720*q - 876. What is the hundreds digit of z(-4)?
0
Let t = -28 + 30. Suppose 5*a - t*q = 108, -5*a - q + 9 + 102 = 0. Let i(c) = -c**3 + 22*c**2 + 8*c - 55. What is the tens digit of i(a)?
2
Let d be 2/7 - (-3000)/(-14). Let l = d - -463. Suppose -7*t - l = -10*t. What is the tens digit of t?
8
Suppose 34*c = 35*c. Suppose 3*z = -2*i - 61 + 521, z = c. What is the units digit of i?
0
Suppose 7*n + 12 = -3*i + 2*n, -i = 5*n + 14. Let y be 5*28/245*7. Suppose -y*q + 197 = i. What is the tens digit of q?
4
Let y(m) = -m - 4 + 9 - 13 + 89*m**2 - 3*m. Let r be y(-2). Suppose 5*z = -0*z + f + r, -5*z + 372 = 3*f. What is the units digit of z?
2
Suppose 5*f - 11315 = 16*b - 13*b, 0 = -f - 5*b + 2291. What is the hundreds digit of -4 + ((-20)/(-50) - f/(-10))?
2
Let z(x) = 9*x + 5. Let t be z(-1). What is the hundreds digit of (3 - -5)/t - -246?
2
Let w(a) = -29683*a + 154. What is the tens digit of w(-1)?
3
Suppose 6*y = -f + 11*y + 2294, 2*y - 4 = 0. Suppose -14*b + 10*b + f = 0. What is the hundreds digit of b?
5
Let s = 5663 - 5017. What is the tens digit of s?
4
Suppose -74198 = 24*t - 28*t + 5*g, -92747 = -5*t + 6*g. What is the units digit of t?
7
Let q = 16539 - 6211. What is the tens digit of q?
2
Let c(g) = 36*g**2 + 15*g + 51. Let u be c(-17). Suppose 375*v - u = 369*v. What is the units digit of v?
0
Let j(f) = 11*f**3 - f**2 - 2*f + 2. Let h be j(1). Suppose -4*o - 2*r = -1576, -h*o + 4*r - 788 = -12*o. What is the tens digit of o?
9
Let q be (10/(-5) + 3/2)*-34. Suppose q*w + 493 = 4250. What is the units digit of w?
1
Suppose -2653 = -6*p - 481. Let x = p - -51. What is the tens digit of x?
1
Let o(x) = -5*x - 8. Let t be o(0). What is the hundreds digit of (-68)/t*62 + 5?
5
Let n(y) = 10*y**3 - 42*y**2 - 50*y - 13. What is the units digit of n(13)?
9
Suppose -3*t + 752 = y, y - 376 - 386 = -t. Let x = y + 513. What is the units digit of x?
0
Let p(d) = 16*d**2 + 75*d + 216. What is the units digit of p(-26)?
2
Let a(d) = d - 2. Let w(t) = -57*t + 5. Let r(u) = 6*a(u) + 2*w(u). What is the tens digit of r(-1)?
0
Suppose 5*q - 3*p - 17343 + 185 = 0, -5*q = 2*p - 17178. What is the tens digit of q?
3
Let v(k) be the third derivative of 2*k**4 + 16*k**2 - 2*k**3 - 3*k**4 - 26*k**2. What is the units digit of v(-3)?
0
Let w(f) = -f**2 + 21*f + 48. Let b be w(23). Suppose 3*v + 2 = b. Suppose v = 4*d - 752 + 52. What is the units digit of d?
5
Suppose 294*q = 275*q + 47443. What is the hundreds digit of q?
4
Let s(g) be the first derivative of g**3/3 - 2*g**2 + 5*g + 7. Let o be s(4). Suppose -o*k + 2*m + 714 = 226, 5*m + 500 = 5*k. What is the units digit of k?
6
Let x(v) = -2*v - 9. Let i be x(-6). Suppose 2*p + i*p = -p. Suppose -g - 3*y + 27 = p, -g - 3*g = -2*y - 122. What is the tens digit of g?
3
Suppose -32*s + 42*s = 2180. Let v = s - -77. What is the hundreds digit of v?
2
Suppose -65*u + 5502 = -59*u. Let i = -318 + u. What is the hundreds digit of i?
5
Let o(y) = 2*y**2 - 27*y + 1. Let j(k) = 21*k**3 + 3*k**2 - 2*k - 2. Let a be j(1). What is the units digit of o(a)?
1
Suppose -y = -2*v - 0*v - 2216, 4*y + 2*v = 8844. Suppose -4*i + y = 4*h, 0 = -2*i - 0 - 4. Suppose -h + 44 = -7*r. What is the tens digit of r?
7
Let g(m) = m**2 + 5*m - 45. Let v be g(-8). Let u = v - -45. Let j = u + 124. What is the units digit of j?
8
Let p(k) = -6800*k + 1218. What is the ten thousands digit of p(-5)?
3
Let x be (-3)/((-4)/(-1304)*-6). Let s = 327 - x. What is the hundreds digit of s?
1
Let q(u) = 23290*u**2 - 31*u + 25. What is the units digit of q(1)?
4
Suppose -3*h - 2034 = 3*v, -v = v - 2*h + 1348. Let j = -329 - v. Let d = -215 + j. What is the tens digit of d?
3
Let o(w) = -w**2 + 26*w - 111. Let b be o(6). Let m(s) be the first derivative of s**4/4 - 3*s**3 + 3*s**2/2 - 23*s + 1. What is the units digit of m(b)?
4
Let t = 21830 - 20585. What is the units digit of t?
5
Suppose 4*z + 8 = 4*p, 12*z - 11*z = 4*p - 11. Suppose -12*i = -7*i - p*s - 6769, s + 4063 = 3*i. What is the thousands digit of i?
1
Let n(m) = 3*m**3 - 4*m**2 - 3. Let b be n(2). Suppose -v + 3*v - 8 = 0. Suppose 5*s - 250 = -b*z, -v*s + 172 = -z - 38. What is the units digit of s?
2
Let t(r) = 3182*r - 8984. What is the units digit of t(10)?
6
What is the ten thousands digit of ((-117300)/8 + 3)/((-4)/(14 - -2))?
5
Suppose 2*c + 3*p - 24863 = 0, 46*p = -4*c + 42*p + 49716. What is the ten thousands digit of c?
1
Let r = -60 + 240. Suppose -42*t + 47*t = r. What is the tens digit of t?
3
What is the units digit of 5260262/147 + -5 + 7 + 894/(-126)?
9
What is the thousands digit of (423/12)/((32/(-512))/(778/(-24)))?
8
Let u(o) be the third derivative of o**6/12 - o**5/20 - o**4/24 - 7*o**3/6 - 528*o**2 + 2. Suppose 0 = 2*f - 6*f + 12. What is the hundreds digit of u(f)?
2
Suppose -3*q + 4*q - 1 = 0. Let i be (3/q)/(27/549). Suppose 0*p + x = 2*p - i, 3*x = -p + 48. What is the units digit of p?
3
Let j = 87 - 103. Let g be ((-26472)/j)/3 + (-2)/(-4). Suppose -4*p - i = i - g, -i + 4 = 0. What is the tens digit of p?
3
Let q = -33488 + 40935. What is the units digit of q?
7
Let q = -681 + 21299. What is the ten thousands digit of q?
2
Let f(m) = -14*m**2 - 1481*m - 52. What is the hundreds digit of f(-103)?
9
Suppose 0 = -3*b + b + 226. Let j = b - 94. Suppose j*y + 57 = 20*y. What is the tens digit of y?
5
Suppose 5*b + 15 = k, k - b = 1 + 6. Suppose -535 = -k*w + 5*l, 572 - 1 = 5*w + 4*l. What is the hundreds digit of w?
1
Let s = 4192 + -3970. Suppose 0 = -l + 3 + 4. Suppose s = -3*w + l*w + 3*g, 5*w = -3*g + 276. What is the units digit of w?
4
Let n be 5 - ((-3)/(-1))/3 - 1. Suppose n*c - y - 10 = 17, -18 = -2*c - 5*y. Let m(r) = 16*r + 10. What is the hundreds digit of m(c)?
1
Let y(c) = 389*c**2 - 169*c + 792. What is the tens digit of y(5)?
7
What is the ten thousands digit of (18159/6 + (1 - 4))*(33 + -29)?
1
Let k = 224 - 254. What is the tens digit of ((-4503)/(-9))/1 + k/90?
0
Let n(m) = -3*m**3 - 7*m**2 + 16*m + 4. Let s be n(5). Let x = s - -880. What is the hundreds digit of x?
4
Suppose 53379 + 2880 = 5*h - 4*f, h - f - 11253 = 0. What is the ten thousands digit of h?
1
Let y(s) be the second derivative of s**5/20 + 19*s**4/12 - 5*s**3/3 - s**2/2 - 59*s. What is the tens digit of y(-19)?
8
Suppose 71489 + 97879 = 3*x + n, -2*x + 2*n = -112896. What is the hundreds digit of x?
4
Suppose 5*g - 59680 = -2*w, -3*w = 2*g + 769 - 24652. What is the hundreds digit of g?
9
Let b = 175 - -168. Let v = 202 - b. Let c = 47 - v. What is the tens digit of c?
8
Let h(p) = p**2 + 6*p - 37. Let o be h(-18). Suppose 2*n = -d + 3*n + 127, -3*n = 0. Let u = o - d. What is the tens digit of u?
5
Let b(t) = -t**3 - 6*t**3 - 3*t**3 + 8*t - 13 + 7*t**2 + 9*t**3. Let k = -41 - -47. What is the tens digit of b(k)?
7
Suppose j - 3*r = 4*j - 2976, 0 = -5*j + 3*r + 4944. Let g = -594 + j. What is the hundreds digit of g?
3
Let b = 36601 + 7002. What is the thousands digit of b?
3
Suppose 0 = 3*u - 3*g - 8103 - 8631, 2*g - 4 = 0. Suppose -14*k - u = -23*k. What is the tens digit of k?
2
Let j be 18/4*(-928)/16. Let b = j + 571. What is the hundreds digit of b?
3
Let l = -65 - -118. Suppose 2*h = 3*z + 167 - l, -h - 4*z + 46 = 0. Let x = 77 + h. What is the tens digit of x?
3
Let d(c) = 6*c**3 - 25*c**2 - 10*c + 206. What is the tens digit of d(12)?
5
Let k(s) = 27*s**2. Let a be k(-3). Let j = 379 - a. What is the tens digit of j?
3
Let u(p) be the second derivative of -p**4/12 + 134*p**2 - 29*p. Let m be u(0). Let i = 385 - m. What is the hundreds digit of i?
1
Let n be 4/(-16) - (-6)/24. Suppose n = 2*a - a - 3*k + 495, -4*a = 3*k + 1995. What is the units digit of a/(-15) + (-8)/(-10)?
4
Suppose -2*p + 10 = 2*n, 5*p = -3*n - 55 + 88. Suppose -3*t - 6*y + p*y = -3609, t + 5*y - 1197 = 0. What is the thousands digit of t?
1
Suppose -5*h + 2*j - j = -1600, -3*h = 4*j - 937. Let g = 600 - h. What is the tens digit of g/4 - (-9)/12?
7
Let i = -796 + 1304. Suppose -5*v + 2*h = -0*h - 1285, 2*v = 2*h + i. Suppose -3*f = 34 - v. What is the units digit of f?
5
Let a(o) = -153*o + 48. Suppose -29*k + 48 = -77*k. What is the units di